 j(f) = f**3 - 3*f**2 - 10*f + 5. Let s be j(5). Suppose -s*t - 50 + 290 = 0. What is the units digit of t?
8
Let b be 2*(-4)/(-4)*1. Suppose -b*c + 0*c = -64. Suppose -s - 11 = -c. What is the tens digit of s?
2
Suppose -2*s + h = 4*h + 18, -s - 11 = 2*h. Let c(o) = -o**2 - 13*o + 6. Let n be c(-12). Let q = n + s. What is the tens digit of q?
1
Suppose 18*t - 1911 + 597 = 0. What is the tens digit of t?
7
Let n = 2116 + -1490. What is the hundreds digit of n?
6
Suppose -u = u - 34. Suppose v + 0*i = i + u, -2*v + 46 = -5*i. Let w = 6 + v. What is the units digit of w?
9
Let m = -33 + 36. Suppose -m*s + 5*s = -632. What is the units digit of 10/(-15) - s/6?
2
Suppose -2*k - 4*a + 186 = 3*k, 5*k + 5*a = 190. What is the units digit of (k/(-6))/(5/(-60))?
8
Let o be (-1)/(-6) - (-1580)/24. Suppose 0 = 4*k + 5*y - 357 + o, 3*k = -4*y + 218. Let d = k + -47. What is the units digit of d?
7
Suppose 11 = -6*o + 7*o. Suppose -4*c = -o*c + 308. What is the tens digit of c?
4
What is the hundreds digit of ((-1205)/2*2)/(-1)?
2
Let k be ((-1)/4)/((-11)/836). Let r = 21 - k. Suppose -f = -2*q - 54, -3*f - r*q = -4*q - 154. What is the units digit of f?
0
What is the tens digit of -1*26*(16048/32)/(-17)?
6
Let m(l) = -l**2 - 4*l + 4. Let h be m(-4). Suppose 3*w + h*y - 239 = 0, 2*y - 125 - 104 = -3*w. Suppose -5*o = -w - 32. What is the units digit of o?
1
Let r = -61 - -71. Suppose 15*a - 340 = r*a. What is the units digit of a?
8
Let c be (-15)/3*(-2)/5. Let d be 0 + c - 0/2. Suppose 7 = d*f - 5. What is the units digit of f?
6
Let q(m) = -m**3 - 10 + 15 - 11 - 9*m**2 + 6*m. Let w be q(-11). What is the units digit of ((-16)/20)/((-4)/w)?
4
Let p(y) = y**3 - y**2 - 7*y + 7. Let r be p(3). Suppose -2*k + 5*d = -k - 111, -k - r*d = -120. What is the hundreds digit of k?
1
Let n be (0/(-2))/(-1) + 2. Let y be (-2)/(-4) + 15/n. Suppose -72 = -5*z + y. What is the units digit of z?
6
Suppose 2118 = 3*d + 4*c + 35, -5*d - 4*c + 3477 = 0. Suppose 0 = 2*a + a + 4*o - d, 4 = -2*o. What is the tens digit of a/20 + (-6)/8?
1
Let h = -17 + 21. Suppose 35 = h*q - 433. What is the units digit of q?
7
Let m be (-5)/10 + 43/2. Let q = m - 31. What is the units digit of 4/q - (-636)/15?
2
Suppose -31 = -5*b - 6. Let h = b - 2. What is the units digit of (1 - -11)/(h/6)?
4
Let p(l) = 84*l**3 + l**2 + l - 5. What is the tens digit of p(2)?
7
Suppose 19*z + 7150 = 45*z. What is the units digit of z?
5
Suppose 2*n - 64 = 2*b, b - 2*n + 57 = -6*n. Let w = b - -94. What is the tens digit of w?
5
Let v(z) = -6*z + 86. Let n be v(14). Suppose 5*o = 36 + 54. Suppose o - n = b. What is the tens digit of b?
1
Let y(m) = 4*m**2 + 6*m - 12. Let n be 6/(-15) + 27/5. Let v be y(n). What is the tens digit of (-2)/(4 - v/29)?
2
Let r = 49 + -56. Let b(z) = -z**2 - 15*z + 1. What is the units digit of b(r)?
7
What is the tens digit of 2150/1*-5*8/(-80)?
7
Let x(t) = 2*t**3 - 32*t**2 - 10*t - 28. What is the hundreds digit of x(18)?
0
Suppose -34 = 3*q + 4*n, -2 + 18 = -4*n. Let p be (2 - -2)*3/q. What is the tens digit of -1*(p - (37 - 2))?
3
Let r(v) = v**2 + 2*v - 11. Let f be (2/(-4))/((-3)/(-36)). What is the units digit of r(f)?
3
Suppose -4*u - 10 = -t - 46, 0 = 4*t + 16. Suppose -u*j + 13*j = 15. What is the units digit of j?
3
Let q(p) = p**2 + p - 5. Suppose -11*s = -76 - 34. What is the tens digit of q(s)?
0
Suppose 3*r + 10 + 5 = z, -5*z + 88 = -2*r. Let a be (-2)/z - 92/(-18). Suppose 0 = -a*h + d - 6*d + 220, 4*h - 5*d = 203. What is the tens digit of h?
4
Suppose 3 = -2*a + 5. Let m(j) = 8*j - 3*j**2 - a + 4*j**2 + 0*j. What is the units digit of m(-9)?
8
Let c be (3/((-18)/208))/(2/(-6)). Suppose c = 27*a - 25*a. What is the units digit of a?
2
Let c = 27 + -23. Let k(u) = 11 + 0 + u**2 + c*u - 6*u. What is the tens digit of k(0)?
1
Suppose 12 = -k + 5*k. Let r = 5 - k. What is the units digit of 42/r + (-12)/6?
9
Let k(j) = j**3 - 5*j**2 + 4*j + 3. Let u be k(4). Suppose -2*p = -u*l + 10, -2*l + 6*l = -5*p + 21. What is the units digit of 36 - (0 - -1)/p?
5
Suppose -3*h = -390 - 105. Let z = 123 + h. What is the hundreds digit of z?
2
Let j = -572 - -1477. What is the tens digit of j?
0
Let t(f) = 8 - 3*f + f + f. Let a be t(6). Suppose 0 = -2*p - a*p + 76. What is the tens digit of p?
1
Let y(a) = -a**3 - 5*a**2 + 5*a - 1. Let u be y(-5). Let o be u/(-3) + (-4)/(-12). Suppose 11*p = o*p + 2. What is the units digit of p?
1
Suppose 4*f = f. Suppose 5*p + 4*s + 247 = f, -4*p + 10 = -5*s + 224. Let m = -36 - p. What is the units digit of m?
5
Suppose 9*u - 5*u - 544 = 0. Suppose -4*o = -0*o - u. What is the tens digit of o?
3
Let h = -122 - -255. What is the tens digit of h?
3
Let b = -3873 + 5689. What is the units digit of b?
6
Let h = 5171 + -2314. What is the thousands digit of h?
2
What is the tens digit of (-16692)/(-104) + (-14)/(-4)?
6
Suppose -3*h - 12 = -h. Let p be (-1)/2 - 57/h. What is the units digit of (28/6)/(6/p)?
7
Let w(v) = 40*v**2 + 7*v - 4. What is the units digit of w(3)?
7
Let u(y) be the second derivative of 3*y**5/10 - y**4/4 - y**2/2 - 6*y. What is the units digit of u(3)?
4
Suppose 35 = f - v, -166 = -4*f + 3*v - 31. Suppose -10*g + 17*g - 35 = 0. Suppose g*m - f = 125. What is the tens digit of m?
3
Let s = -25 - -31. Suppose 0 = f - 0*f - 16. Let t = f + s. What is the tens digit of t?
2
Suppose 11 = -k - 5*g, k - g = g + 3. Let x(h) = -17*h - 1. What is the units digit of x(k)?
6
Suppose 0 = 19*n - 28*n + 12105. What is the hundreds digit of n?
3
Let y = -18 - -18. Let w be 3 + y + 1665/(-5). What is the units digit of 24/(-15)*w/12?
4
Let y be (4/(-3))/((-2)/(-5))*78. What is the units digit of (0 - (-5 + 0))*(-3432)/y?
6
Suppose 2*s + h - 12469 = -3*s, 4*s - 9970 = -6*h. What is the units digit of s?
4
Suppose 0 = -13*n + 17*n. Suppose i + 3*i - 36 = n. Suppose 4*p = 19 + i. What is the units digit of p?
7
Suppose 38*s - 39*s = 2. What is the units digit of (s/6*-1)/((-10)/(-3330))?
1
Let c(r) = 19*r - 7. Let f be c(5). Let h(s) = 3*s**2. Let u be h(1). Suppose 0 = u*y - 7*y + f. What is the tens digit of y?
2
Let v be 4 + (-30)/(-5) + -3. Let r(h) = -h**3 + 8*h**2 + 2*h - 3. What is the tens digit of r(v)?
6
Let r(b) = 11*b - 11. What is the tens digit of r(6)?
5
Let g(c) = c**2 - 7*c + 2. What is the tens digit of g(-10)?
7
Let r(o) = o**2 - 5*o + 2. Let c be r(6). Suppose -4*h + 4 = -c. What is the tens digit of ((-2)/h)/(2/(-69))?
2
Let f(b) = -b**3 + 28*b**2 + 56*b + 92. What is the hundreds digit of f(29)?
8
Let a(l) = -169*l - 156. What is the hundreds digit of a(-19)?
0
Suppose 5*q = -4*w - 12, -4*w + 20 = -3*q - 0. Let r = w - -1. Suppose -r*o + 57 = 5*l, -5*o + 19 = -4*o - 3*l. What is the tens digit of o?
1
Suppose 966 = -4*b + 7*b. What is the hundreds digit of b?
3
Let y(x) = 25*x - 5. What is the units digit of y(22)?
5
Suppose 0 = 25*b - 24150 - 13950. What is the units digit of b?
4
Suppose l - 4*l = 5*v - 9, -3 = -3*v - l. Suppose v = -7*h + 240 + 747. What is the tens digit of h?
4
Let z(l) = -119*l - 284. What is the units digit of z(-5)?
1
Suppose -3*y + 18 = -5*y. Let d be (-1 - y) + (-1 - -2). Suppose -3*m - d + 4 = c, -c = 4*m + 10. What is the units digit of c?
0
Let v be -43*1*(-7 - -4 - 10). Let w = -389 + v. What is the hundreds digit of w?
1
Let u = -13 - 13. Let x = -83 + 122. Let c = u + x. What is the tens digit of c?
1
Let v(s) = 3*s - 31. Let d be v(9). Let n be (1 - 2)/(d/84). Let z = 46 - n. What is the tens digit of z?
2
Suppose -7*j + 1 - 50 = 0. What is the tens digit of j - -8 - (0 - 43)?
4
Suppose 36 = 4*l - 2*y, -3*y = -4*l + 13 + 27. What is the units digit of l?
7
Let c be (-10)/8 + (-4)/(-16) - -2. What is the units digit of 1 + (-652)/(-10) - c/5?
6
Let k(j) = -2*j**2 + 50*j + 3. What is the units digit of k(12)?
5
Suppose 36*y + 75 = 41*y. What is the tens digit of 5/y*2*258?
7
Let k(y) = -2*y**2 + 5*y + 7. Let f be k(5). Suppose -2*a - 2*v = -3*v + 17, -3*a = -4*v + 18. Let i = a - f. What is the units digit of i?
8
Let s(m) = -m**3 - 6*m**2 - 4. Let l be s(-6). What is the units digit of ((-3)/l)/(4/320)?
0
Let f(n) = n**2 - 15*n + 24. Let q be f(13). Let m = 10 - q. What is the units digit of m?
2
Suppose -r - 3*r + 2720 = 0. Suppose 3*l + 2*l = r. What is the tens digit of l?
3
Let b be